is the ten thousands digit of 17491841?
9
What is the thousands digit of 108083689?
3
What is the millions digit of 417764415?
7
What is the billions digit of 3863082166?
3
What is the hundred thousands digit of 58946745?
9
What is the thousands digit of 63755575?
5
What is the millions digit of 306283371?
6
What is the ten millions digit of 42227504?
4
What is the millions digit of 6810897887?
0
What is the hundred millions digit of 1508035458?
5
What is the tens digit of 82416161?
6
What is the tens digit of 1763254214?
1
What is the ten thousands digit of 60123494?
2
What is the thousands digit of 165908?
5
What is the tens digit of 1925853895?
9
What is the millions digit of 3606397644?
6
What is the thousands digit of 15025269?
5
What is the tens digit of 297370522?
2
What is the tens digit of 2154442397?
9
What is the units digit of 366040258?
8
What is the ten thousands digit of 594849052?
4
What is the thousands digit of 2301178515?
8
What is the hundred thousands digit of 1590838214?
8
What is the hundred millions digit of 786754230?
7
What is the millions digit of 323148069?
3
What is the thousands digit of 1506690207?
0
What is the billions digit of 2658905062?
2
What is the ten thousands digit of 44812889?
1
What is the units digit of 278482971?
1
What is the tens digit of 90160648?
4
What is the ten thousands digit of 489319331?
1
What is the millions digit of 178860817?
8
What is the ten millions digit of 56442522?
5
What is the hundreds digit of 404500671?
6
What is the thousands digit of 447929776?
9
What is the millions digit of 1520635214?
0
What is the thousands digit of 59811107?
1
What is the tens digit of 1318811973?
7
What is the millions digit of 244561073?
4
What is the ten millions digit of 289553062?
8
What is the hundreds digit of 11647949?
9
What is the units digit of 27271997?
7
What is the millions digit of 71356616?
1
What is the thousands digit of 70926600?
6
What is the millions digit of 1347585584?
7
What is the ten thousands digit of 1891551940?
5
What is the hundreds digit of 69979658?
6
What is the billions digit of 1826393754?
1
What is the ten thousands digit of 2877504157?
0
What is the ten thousands digit of 13463271?
6
What is the tens digit of 310583963?
6
What is the millions digit of 132782648?
2
What is the ten thousands digit of 233695167?
9
What is the ten millions digit of 14339750?
1
What is the units digit of 1591168025?
5
What is the tens digit of 24420419?
1
What is the hundred millions digit of 273520294?
2
What is the ten millions digit of 65969843?
6
What is the tens digit of 11323487?
8
What is the ten thousands digit of 155359223?
5
What is the hundred thousands digit of 127128113?
1
What is the hundred thousands digit of 120568996?
5
What is the hundred thousands digit of 43588693?
5
What is the tens digit of 5670475940?
4
What is the tens digit of 2039320796?
9
What is the units digit of 119211001?
1
What is the thousands digit of 98457953?
7
What is the billions digit of 1661151505?
1
What is the hundreds digit of 80565961?
9
What is the millions digit of 141151279?
1
What is the hundreds digit of 49325436?
4
What is the units digit of 1720453938?
8
What is the units digit of 23665340?
0
What is the billions digit of 6275937536?
6
What is the hundred millions digit of 432744811?
4
What is the units digit of 8045995048?
8
What is the millions digit of 84085117?
4
What is the tens digit of 1436311481?
8
What is the millions digit of 2653401632?
3
What is the hundred thousands digit of 2327061690?
0
What is the ten thousands digit of 497798750?
9
What is the hundreds digit of 91523831?
8
What is the tens digit of 49338553?
5
What is the thousands digit of 22043911?
3
What is the units digit of 63931651?
1
What is the hundreds digit of 88709120?
1
What is the ten millions digit of 1193058084?
9
What is the hundreds digit of 1063394?
3
What is the thousands digit of 552396222?
6
What is the thousands digit of 16315231?
5
What is the billions digit of 1618886527?
1
What is the ten millions digit of 20700014?
2
What is the hundred thousands digit of 126619631?
6
What is the ten thousands digit of 4388979252?
7
What is the thousands digit of 1011882326?
2
What is the units digit of 6626640968?
8
What is the units digit of 5738460?
0
What is the hundreds digit of 1829493521?
5
What is the hundred thousands digit of 4131802957?
8
What is the tens digit of 57706876?
7
What is the hundred thousands digit of 275624580?
6
What is the hundred millions digit of 176690909?
1
What is the hundred millions digit of 107721465?
1
What is the millions digit of 61915900?
1
What is the units digit of 4023548889?
9
What is the thousands digit of 16037103?
7
What is the thousands digit of 23765527?
5
What is the hundred millions digit of 1725493916?
7
What is the tens digit of 6490896501?
0
What is the hundreds digit of 5026500920?
9
What is the tens digit of 262868836?
3
What is the hundred millions digit of 1143756944?
1
What is the millions digit of 2072132215?
2
What is the ten thousands digit of 3693555988?
5
What is the millions digit of 325815290?
5
What is the thousands digit of 19173149?
3
What is the hundred thousands digit of 46601370?
6
What is the millions digit of 755184101?
5
What is the units digit of 426087554?
4
What is the units digit of 97575389?
9
What is the tens digit of 3873030032?
3
What is the billions digit of 1200840519?
1
What is the hundreds digit of 14575753?
7
What is the thousands digit of 108060041?
0
What is the hundred thousands digit of 964887833?
8
What is the thousands digit of 898236629?
6
What is the ten thousands digit of 49118653?
1
What is the hundred thousands digit of 57995473?
9
What is the hundreds digit of 246911845?
8
What is the millions digit of 8549541?
8
What is the millions digit of 6595649?
6
What is the ten millions digit of 5684008875?
8
What is the units digit of 2535523388?
8
What is the millions digit of 2014738560?
4
What is the tens digit of 36715446?
4
What is the thousands digit of 1468816527?
6
What is the hundreds digit of 260279907?
9
What is the tens digit of 855068775?
7
What is the hundreds digit of 40090530?
5
What is the ten thousands digit of 838116041?
1
What is the thousands digit of 124665645?
5
What is the ten thousands digit of 32448601?
4
What is the tens digit of 1664736674?
7
What is the units digit of 6114481839?
9
What is the hundred thousands digit of 35303820?
3
What is the tens digit of 184681152?
5
What is the units digit of 298771988?
8
What is the hundred millions digit of 103424322?
1
What is the thousands digit of 16325915?
5
What is the hundred thousands digit of 2959613751?
6
What is the hundreds digit of 3982796958?
9
What is the thousands digit of 73677972?
7
What is the thousands digit of 25736822?
6
What is the ten thousands digit of 1020659305?
5
What is the tens digit of 557883667?
6
What is the hundred thousands digit of 855281074?
2
What is the ten millions digit of 11164319?
1
What is the millions digit of 1497592767?
7
What is the tens digit of 116805098?
9
What is the hundred thousands digit of 514948159?
9
What is the units digit of 3028627381?
1
What is the hundred millions digit of 337936088?
3
What is the ten thousands digit of 2538190549?
9
What is the hundred millions digit of 1869960991?
8
What is the millions digit of 37902721?
7
What is the ten millions digit of 42913072?
4
What is the hundred thousands digit of 162222353?
2
What is the ten millions digit of 130021262?
3
What is the ten thousands digit of 34641792?
4
What is the hundred millions digit of 384843075?
3
What is the ten thousands digit of 63019929?
1
What is the thousands digit of 32390664?
0
What is the hundreds digit of 1058645126?
1
What is the thousands digit of 192981749?
1
What is the hundred millions digit of 314175690?
3
What is the hundred millions digit of 1960293463?
9
What is the hundreds digit of 1819309?
3
What is the ten millions digit of 217915510?
1
What is the ten thousands digit of 17206722?
0
What is the units digit of 3892574?
4
What is the ten millions digit of 5336155685?
3
What is the tens digit of 173721329?
2
What is the hundred millions digit of 552277550?
5
What is the hundred millions digit of 1730433